{"id":100,"date":"2025-11-20T22:33:05","date_gmt":"2025-11-20T21:33:05","guid":{"rendered":"http:\/\/localhost:10085\/?page_id=100"},"modified":"2026-03-23T16:13:25","modified_gmt":"2026-03-23T15:13:25","slug":"lakossag","status":"publish","type":"page","link":"https:\/\/danieltanacs.hu\/zen\/","title":{"rendered":"Lakoss\u00e1gi (home)"},"content":{"rendered":"<p><section class=\"slideshow\"><div class=\"container\"><div class=\"row\"><br \/>\n<div class=\"promos\"><div class=\"slide\">\n\t\t\t\t\t\t\t\t<div class=\"s-text\">\n\t\t\t\t\t\t\t\t\t<div class=\"wow fadeInRight\" data-wow-delay=\"0.5s\"><h4>T\u00e9v\u00e9zzen b\u00e1rhol \u00e9s b\u00e1rmikor ak\u00e1r t\u00f6bb k\u00e9perny\u0151n!<\/h4>Felejtse el a hat\u00e1rokat,\r\nl\u00e9pjen be a telev\u00edzi\u00f3z\u00e1s j\u00f6v\u0151j\u00e9be!\r\n\r\n<img loading=\"lazy\" decoding=\"async\" class=\"alignnone size-medium wp-image-169\" src=\"https:\/\/danieltanacs.hu\/zen\/wp-content\/uploads\/2025\/11\/home_hbo_grey-300x43.png\" alt=\"\" width=\"300\" height=\"43\" srcset=\"https:\/\/danieltanacs.hu\/zen\/wp-content\/uploads\/2025\/11\/home_hbo_grey-300x43.png 300w, https:\/\/danieltanacs.hu\/zen\/wp-content\/uploads\/2025\/11\/home_hbo_grey.png 692w\" sizes=\"auto, (max-width: 300px) 100vw, 300px\" \/><\/div>\n\t\t\t\t\t\t\t\t\t<a href=\"\" class=\"bg-cyan wow fadeInRight\" data-wow-delay=\"1s\"><img decoding=\"async\" src=\"https:\/\/danieltanacs.hu\/zen\/wp-content\/uploads\/2025\/10\/white_tv.svg\" \/>Digit\u00e1lis tv csomagjaink<\/a>\n\t\t\t\t\t\t\t\t<\/div>\n\t\t\t\t\t\t\t\t<div class=\"s-img wow fadeInUp\" data-wow-delay=\"0.5s\"><img loading=\"lazy\" decoding=\"async\" width=\"600\" height=\"520\" src=\"https:\/\/danieltanacs.hu\/zen\/wp-content\/uploads\/2025\/11\/big_home.png\" class=\"attachment-post-thumbnail size-post-thumbnail wp-post-image\" alt=\"\" srcset=\"https:\/\/danieltanacs.hu\/zen\/wp-content\/uploads\/2025\/11\/big_home.png 600w, https:\/\/danieltanacs.hu\/zen\/wp-content\/uploads\/2025\/11\/big_home-300x260.png 300w\" sizes=\"auto, (max-width: 600px) 100vw, 600px\" \/><\/div>\n\t\t\t\t\t\t\t<\/div><div class=\"slide\">\n\t\t\t\t\t\t\t\t<div class=\"s-text\">\n\t\t\t\t\t\t\t\t\t<div class=\"wow fadeInRight\" data-wow-delay=\"0.5s\"><h4>Wi-Fi kieg\u00e9sz\u00edt\u0151 szolg\u00e1ltat\u00e1s<\/h4>Rendelje meg a kieg\u00e9sz\u00edt\u0151 szolg\u00e1ltat\u00e1st az Online \u00dcgyf\u00e9lszolg\u00e1laton!<\/div>\n\t\t\t\t\t\t\t\t\t<a href=\"http:\/\/localhost:10085\/\" class=\"bg-cyan wow fadeInRight\" data-wow-delay=\"1s\"> Online \u00dcgyf\u00e9lszolg\u00e1lat<\/a>\n\t\t\t\t\t\t\t\t<\/div>\n\t\t\t\t\t\t\t\t<div class=\"s-img wow fadeInUp\" data-wow-delay=\"0.5s\"><img loading=\"lazy\" decoding=\"async\" width=\"1500\" height=\"1500\" src=\"https:\/\/danieltanacs.hu\/zen\/wp-content\/uploads\/2026\/01\/big_wifi.png\" class=\"attachment-post-thumbnail size-post-thumbnail wp-post-image\" alt=\"\" srcset=\"https:\/\/danieltanacs.hu\/zen\/wp-content\/uploads\/2026\/01\/big_wifi.png 1500w, https:\/\/danieltanacs.hu\/zen\/wp-content\/uploads\/2026\/01\/big_wifi-300x300.png 300w, https:\/\/danieltanacs.hu\/zen\/wp-content\/uploads\/2026\/01\/big_wifi-1024x1024.png 1024w, https:\/\/danieltanacs.hu\/zen\/wp-content\/uploads\/2026\/01\/big_wifi-150x150.png 150w, https:\/\/danieltanacs.hu\/zen\/wp-content\/uploads\/2026\/01\/big_wifi-768x768.png 768w\" sizes=\"auto, (max-width: 1500px) 100vw, 1500px\" \/><\/div>\n\t\t\t\t\t\t\t<\/div><\/div><br \/>\n<\/div><\/div><\/section><br \/>\n<section class=\"intro\"><div class=\"container\"><div class=\"row\"><\/p>\n<h2 style=\"text-align: center;\">T\u00f6bb mint 30 \u00e9ve kiemelked\u0151 \u00e9s megb\u00edzhat\u00f3<br \/>\nmin\u0151s\u00e9gi szolg\u00e1ltat\u00e1sokat biztos\u00edtunk<\/h2>\n<p><div class=\"frontnum\"><img decoding=\"async\" src=\"https:\/\/danieltanacs.hu\/zen\/wp-content\/uploads\/2025\/11\/blue_map.svg\" \/><div><strong>200+ <\/strong>telep\u00fcl\u00e9sen<\/div><\/div><div class=\"frontnum\"><img decoding=\"async\" src=\"https:\/\/danieltanacs.hu\/zen\/wp-content\/uploads\/2025\/11\/blue_box.svg\" \/><div><strong>63 ezer<\/strong> h\u00e1ztart\u00e1sban<\/div><\/div><div class=\"frontnum\"><img decoding=\"async\" src=\"https:\/\/danieltanacs.hu\/zen\/wp-content\/uploads\/2025\/11\/blue_layers.svg\" \/><div><strong>41 <\/strong>csomagaj\u00e1nlattal<\/div><\/div><div class=\"frontnum\"><img decoding=\"async\" src=\"https:\/\/danieltanacs.hu\/zen\/wp-content\/uploads\/2025\/11\/blue_chat.svg\" \/><div><strong>105 <\/strong>munkat\u00e1rssal<\/div><\/div><br \/>\n<\/div><\/div><\/section><\/p>\n<section class=\"services\"><div class=\"container\"><div class=\"row\"><br \/>\n<div class=\"col-6 wow fadeInUp\"><\/p>\n<p><img loading=\"lazy\" decoding=\"async\" class=\"alignnone size-medium wp-image-168\" src=\"https:\/\/danieltanacs.hu\/zen\/wp-content\/uploads\/2025\/11\/two_girl_office-300x300.png\" alt=\"\" width=\"300\" height=\"300\" srcset=\"https:\/\/danieltanacs.hu\/zen\/wp-content\/uploads\/2025\/11\/two_girl_office-300x300.png 300w, https:\/\/danieltanacs.hu\/zen\/wp-content\/uploads\/2025\/11\/two_girl_office-150x150.png 150w, https:\/\/danieltanacs.hu\/zen\/wp-content\/uploads\/2025\/11\/two_girl_office.png 570w\" sizes=\"auto, (max-width: 300px) 100vw, 300px\" \/><\/p>\n<p><\/div><div class=\"col-3 wow fadeInUp\"><div class=\"servicebox s-red wow fadeInUp\"><div><img decoding=\"async\" src=\"https:\/\/danieltanacs.hu\/zen\/wp-content\/uploads\/2025\/11\/service_internet.svg\" \/><strong>Korl\u00e1tlan<\/strong> forgalm\u00fa nagy sebess\u00e9g\u0171 <strong>internet<\/strong>szolg\u00e1ltat\u00e1s<\/div><\/div><div class=\"servicebox s-blue wow fadeInUp\"><div><img decoding=\"async\" src=\"https:\/\/danieltanacs.hu\/zen\/wp-content\/uploads\/2025\/11\/service_phone.svg\" \/>Ak\u00e1r 700 forintos havi csomagd\u00edj \u00e9s a <strong>telefon<\/strong>sz\u00e1m is v\u00e1ltozatlan marad<\/div><\/div><\/div><div class=\"col-3 wow fadeInUp\"><div class=\"servicebox s-yellow wow fadeInUp\"><div><img decoding=\"async\" src=\"https:\/\/danieltanacs.hu\/zen\/wp-content\/uploads\/2025\/11\/service_tv.svg\" \/>Kedvezm\u00e9nyes <strong>digit\u00e1lis telev\u00edzi\u00f3<\/strong> rugalmas csomag vari\u00e1ci\u00f3kkal<\/div><\/div><\/div><br \/>\n<\/div><\/div><\/section>\n<section class=\"szamla\"><div class=\"container\"><div class=\"row\"><div class=\"col-9 wow fadeInUp\"><div class=\"bluebanner wow fadeInRight\"><div><\/p>\n<h4>Gyors sz\u00e1mlabefizet\u00e9s sorban\u00e1ll\u00e1s \u00e9s \u00fcgyf\u00e9lregisztr\u00e1ci\u00f3 n\u00e9lk\u00fcl online \u00fcgyf\u00e9lszolg\u00e1latunkon<\/h4>\n<p>Hibabejelent\u00e9s, szerz\u0151d\u00e9sinform\u00e1ci\u00f3, egyenleglek\u00e9rdez\u00e9s<\/p>\n<p><\/div><img decoding=\"async\" src=\"https:\/\/danieltanacs.hu\/zen\/wp-content\/uploads\/2025\/11\/illustration.svg\"><\/div><\/div><div class=\"col-3 wow fadeInUp\"><\/p>\n<p><img loading=\"lazy\" decoding=\"async\" class=\"alignnone size-full wp-image-166\" src=\"https:\/\/danieltanacs.hu\/zen\/wp-content\/uploads\/2025\/11\/mom_and_girl.png\" alt=\"\" width=\"280\" height=\"280\" srcset=\"https:\/\/danieltanacs.hu\/zen\/wp-content\/uploads\/2025\/11\/mom_and_girl.png 280w, https:\/\/danieltanacs.hu\/zen\/wp-content\/uploads\/2025\/11\/mom_and_girl-150x150.png 150w\" sizes=\"auto, (max-width: 280px) 100vw, 280px\" \/><\/p>\n<p><\/div><\/div><\/div><\/section>\n<section class=\"promotions\"><div class=\"container\"><div class=\"row\"><br \/>\n<div class=\"col-4 wow fadeInUp\"><\/p>\n<h3>Folyamatosan t\u00f6reksz\u00fcnk arra, hogy minden szolg\u00e1ltat\u00e1s min\u0151s\u00e9ge az el\u00e9rhet\u0151 legmagasabb legyen<\/h3>\n<p>P\u00e9ld\u00e1ul amennyiben jelenleg m\u00e1s szolg\u00e1ltat\u00f3 telefonszolg\u00e1ltat\u00e1s\u00e1t veszi ig\u00e9nybe, akkor itt az ideje, hogy egy magasabb szintre v\u00e1ltson! Nulla forintos h\u00e1l\u00f3zaton bel\u00fcli h\u00edv\u00e1s, egy \u00e9ves h\u0171s\u00e9gid\u0151 eset\u00e9n alacsonyabb havid\u00edjjal, kedvezm\u00e9nyes id\u0151szakkal \u00e9s perc alap\u00fa elsz\u00e1mol\u00e1ssal. \u00c9s m\u00e9g a sz\u00e1mhordoz\u00e1s is ingyenes.<\/p>\n<p><\/div><div class=\"col-8 wow fadeInUp\"><br \/>\n<div class=\"promos\"><\/div><br \/>\n<\/div><br \/>\n<\/div><\/div><\/section>\n<section class=\"blog\"><div class=\"container\"><div class=\"row\"><br \/>\n<div class=\"aposts\"><h2>M\u0171soraj\u00e1nl\u00f3<\/h2><div class=\"flex\"><article><a href=\"https:\/\/danieltanacs.hu\/zen\/a-vilag-legjobb-uti-celjai-kujcsou\/\" class=\"imgcont\"><img decoding=\"async\" src=\"https:\/\/danieltanacs.hu\/zen\/wp-content\/uploads\/2026\/03\/nategeo_1.jpg\" \/><\/a><h3><a href=\"https:\/\/danieltanacs.hu\/zen\/a-vilag-legjobb-uti-celjai-kujcsou\/\">A vil\u00e1g legjobb \u00fati c\u00e9ljai: Kujcsou<\/a><\/h3><p>National Geographic | Premier | \u00c1prilis 4-\u00e9n szombaton 18:00-kor K\u00edna Kujcsou tartom\u00e1nya k\u00e9t alkalommal is az \u00e9len v\u00e9gzett a National Geographic \u2019a vil\u00e1g legjobb \u00fati c\u00e9ljai\u2019 verseny\u00e9ben, \u00edgy nem csoda, hogy a neves fot\u00f3s, Chris Burkard se tudott ellen\u00e1llni a gy\u00f6ny\u00f6r\u0171 t\u00e1jakkal \u00e9s gazdag kult\u00far\u00e1val meg\u00e1ldott vid\u00e9k vonz\u00e1s\u00e1nak. Az emberi t\u00f6rt\u00e9neteket \u00e9s meghitt pillanatokat is&hellip;<\/p><\/article><article><a href=\"https:\/\/danieltanacs.hu\/zen\/ket-kedvenc-sorozat-egymas-utan\/\" class=\"imgcont\"><img decoding=\"async\" src=\"https:\/\/danieltanacs.hu\/zen\/wp-content\/uploads\/2026\/03\/disney_1.jpg\" \/><\/a><h3><a href=\"https:\/\/danieltanacs.hu\/zen\/ket-kedvenc-sorozat-egymas-utan\/\">K\u00e9t kedvenc sorozat, egym\u00e1s ut\u00e1n!<\/a><\/h3><p>Disney Channel | Vadonat\u00faj epiz\u00f3dok | \u00c1prilis 13-t\u00f3l h\u00e9tk\u00f6znapokon 16:45-kor \u00e9s 17:45-kor Phineas \u00e9s Ferb visszat\u00e9rtek, Candace pedig elt\u00f6k\u00e9ltebb, mint valaha, hogy v\u00e9gre lebuktatja \u0151ket \u2013 mik\u00f6zben kacsacs\u0151r\u0171 eml\u0151s h\u00e1zi\u00e1llatuk, Kerry titokban Dr. Doofenshmirtz \u00fajabb \u0151r\u00fclt terv\u00e9t pr\u00f3b\u00e1lja meghi\u00fas\u00edtani. Ezut\u00e1n Marinette \u00e9s Adrien t\u00f6rt\u00e9nete folytat\u00f3dik: m\u00e9g soha nem voltak ilyen k\u00f6zel egym\u00e1shoz, de tov\u00e1bbra is&hellip;<\/p><\/article><article><a href=\"https:\/\/danieltanacs.hu\/zen\/hbo-max-2026-marcius-ajanlo\/\" class=\"imgcont\"><img decoding=\"async\" src=\"https:\/\/danieltanacs.hu\/zen\/wp-content\/uploads\/2026\/03\/hbo_tavol.jpg\" \/><\/a><h3><a href=\"https:\/\/danieltanacs.hu\/zen\/hbo-max-2026-marcius-ajanlo\/\">HBO Max &#8211; 2026. m\u00e1rcius aj\u00e1nl\u00f3<\/a><\/h3><p>M\u00e1rciusban az HBO Max k\u00edn\u00e1lata a dr\u00e1m\u00e1kt\u00f3l \u00e9s kultikus klasszikusokt\u00f3l az izgalmas sorozatpremiereken \u00e1t az elgondolkodtat\u00f3 dokumentumfilmekig terjed, \u00edgy a h\u00f3nap szinte minden napj\u00e1ra jut egy eml\u00e9kezetes t\u00f6rt\u00e9net. A friss bemutat\u00f3k k\u00f6z\u00f6tt megtal\u00e1ljuk a filmt\u00f6rt\u00e9net meghat\u00e1roz\u00f3 darabjait (Apollo 13, Gladi\u00e1tor, A forr\u00e1s, Holtodiglan), \u00faj blockbuster c\u00edmeket (Roofman &#8211; A besurran\u00f3, Rajtakapva) \u00e9s vadonat\u00faj HBO Original&hellip;<\/p><\/article><\/div><\/div><br \/>\n<\/div><\/div><\/section>\n","protected":false},"excerpt":{"rendered":"","protected":false},"author":1,"featured_media":0,"parent":0,"menu_order":0,"comment_status":"closed","ping_status":"closed","template":"page-home.php","meta":{"_acf_changed":false,"inline_featured_image":false,"footnotes":""},"class_list":["post-100","page","type-page","status-publish","hentry"],"acf":[],"_links":{"self":[{"href":"https:\/\/danieltanacs.hu\/zen\/wp-json\/wp\/v2\/pages\/100","targetHints":{"allow":["GET"]}}],"collection":[{"href":"https:\/\/danieltanacs.hu\/zen\/wp-json\/wp\/v2\/pages"}],"about":[{"href":"https:\/\/danieltanacs.hu\/zen\/wp-json\/wp\/v2\/types\/page"}],"author":[{"embeddable":true,"href":"https:\/\/danieltanacs.hu\/zen\/wp-json\/wp\/v2\/users\/1"}],"replies":[{"embeddable":true,"href":"https:\/\/danieltanacs.hu\/zen\/wp-json\/wp\/v2\/comments?post=100"}],"version-history":[{"count":26,"href":"https:\/\/danieltanacs.hu\/zen\/wp-json\/wp\/v2\/pages\/100\/revisions"}],"predecessor-version":[{"id":576,"href":"https:\/\/danieltanacs.hu\/zen\/wp-json\/wp\/v2\/pages\/100\/revisions\/576"}],"wp:attachment":[{"href":"https:\/\/danieltanacs.hu\/zen\/wp-json\/wp\/v2\/media?parent=100"}],"curies":[{"name":"wp","href":"https:\/\/api.w.org\/{rel}","templated":true}]}}